{"id":82,"date":"2023-03-30T13:12:53","date_gmt":"2023-03-30T11:12:53","guid":{"rendered":"https:\/\/www.kvhstavebni.cz\/eshop\/?post_type=product&#038;p=82"},"modified":"2023-03-30T13:15:22","modified_gmt":"2023-03-30T11:15:22","slug":"preklizka-folie-protiskluz-hladka-briza-21-2500-1250","status":"publish","type":"product","link":"https:\/\/www.kvhstavebni.cz\/eshop\/?product=preklizka-folie-protiskluz-hladka-briza-21-2500-1250","title":{"rendered":"P\u0159ekli\u017eka f\u00f3lie protiskluz\/hladk\u00e1 B\u0159\u00edza 21\/2500\/1250"},"content":{"rendered":"<p><b>Tlou\u0161\u0165ka 21 mm | \u0160\u00ed\u0159ka 2 500 mm | D\u00e9lka 1 250 mm | Celkem 3,125 m<sup>2<\/sup>.\u00a0<\/b><\/p>\n<p><b><u>P\u0159ekli\u017eky na popt\u00e1vku.<\/u><\/b><\/p>\n<p><b><u>Del\u0161\u00ed term\u00edn dod\u00e1n\u00ed.<\/u><\/b><\/p>\n<p><b><u>Cena je pouze orienta\u010dn\u00ed.<\/u><\/b><\/p>\n<p><b><u>P\u0159esnou cenu v\u00e1m vytvo\u0159\u00edme na z\u00e1klad\u011b va\u0161\u00ed popt\u00e1vky.<\/u><\/b><\/p>\n<p>&nbsp;<\/p>\n<p>&nbsp;<\/p>\n<p>&nbsp;<\/p>\n<h1><\/h1>\n","protected":false},"excerpt":{"rendered":"<p>Tlou\u0161\u0165ka 21 mm | \u0160\u00ed\u0159ka 2 500 mm | D\u00e9lka 1 250 mm | Celkem 3,125 m2.\u00a0 P\u0159ekli\u017eky na popt\u00e1vku. Del\u0161\u00ed term\u00edn dod\u00e1n\u00ed. Cena je pouze orienta\u010dn\u00ed. P\u0159esnou cenu v\u00e1m vytvo\u0159\u00edme na z\u00e1klad\u011b va\u0161\u00ed popt\u00e1vky. &nbsp; &nbsp; &nbsp;<\/p>\n","protected":false},"featured_media":80,"template":"","meta":{"_eb_attr":""},"product_cat":[16],"product_tag":[],"_links":{"self":[{"href":"https:\/\/www.kvhstavebni.cz\/eshop\/index.php?rest_route=\/wp\/v2\/product\/82"}],"collection":[{"href":"https:\/\/www.kvhstavebni.cz\/eshop\/index.php?rest_route=\/wp\/v2\/product"}],"about":[{"href":"https:\/\/www.kvhstavebni.cz\/eshop\/index.php?rest_route=\/wp\/v2\/types\/product"}],"wp:featuredmedia":[{"embeddable":true,"href":"https:\/\/www.kvhstavebni.cz\/eshop\/index.php?rest_route=\/wp\/v2\/media\/80"}],"wp:attachment":[{"href":"https:\/\/www.kvhstavebni.cz\/eshop\/index.php?rest_route=%2Fwp%2Fv2%2Fmedia&parent=82"}],"wp:term":[{"taxonomy":"product_cat","embeddable":true,"href":"https:\/\/www.kvhstavebni.cz\/eshop\/index.php?rest_route=%2Fwp%2Fv2%2Fproduct_cat&post=82"},{"taxonomy":"product_tag","embeddable":true,"href":"https:\/\/www.kvhstavebni.cz\/eshop\/index.php?rest_route=%2Fwp%2Fv2%2Fproduct_tag&post=82"}],"curies":[{"name":"wp","href":"https:\/\/api.w.org\/{rel}","templated":true}]}}