{"id":472,"date":"2023-07-04T14:23:41","date_gmt":"2023-07-04T12:23:41","guid":{"rendered":"https:\/\/www.kvhstavebni.cz\/eshop\/?post_type=product&#038;p=472"},"modified":"2025-06-08T16:10:29","modified_gmt":"2025-06-08T14:10:29","slug":"palubka-tatran-smrk-a-b-125-96-4000","status":"publish","type":"product","link":"https:\/\/www.kvhstavebni.cz\/eshop\/?product=palubka-tatran-smrk-a-b-125-96-4000","title":{"rendered":"Palubka Tatran Smrk A\/B 12,5\/96\/4000"},"content":{"rendered":"<p><b>Tlou\u0161\u0165ka 12,5 mm | \u0160\u00ed\u0159ka 96 mm | D\u00e9lka 4 000 mm. <\/b><\/p>\n<p><b>bal.=10ks=3,84m2.<\/b><\/p>\n<p>&gt; vhodn\u00e9 do vnit\u0159n\u00edho i venkovn\u00edho prost\u0159ed\u00ed<\/p>\n<p><b>Pou\u017eit\u00ed:<\/b><br \/>\n&gt; fas\u00e1dn\u00ed oblo\u017een\u00ed<br \/>\n&gt; podhledy<\/p>\n<p><b>Foto je pouze ilustra\u010dn\u00ed.<\/b><br \/>\n<b>U v\u0161ech tlou\u0161t\u011bk v profilu TATRAN jsou spodn\u00ed dr\u00e1\u017eky.<\/b><br \/>\n<b>\u0160\u00ed\u0159ka obkladu je uv\u00e1d\u011bna v\u010detn\u011b pera.<\/b><\/p>\n<p><b>cena za cel\u00e9 balen\u00ed<\/b><br \/>\n<b><\/b><\/p>\n<p>&nbsp;<\/p>\n","protected":false},"excerpt":{"rendered":"<p>Tlou\u0161\u0165ka 12,5 mm | \u0160\u00ed\u0159ka 96 mm | D\u00e9lka 4 000 mm. bal.=10ks=3,84m2. &gt; vhodn\u00e9 do vnit\u0159n\u00edho i venkovn\u00edho prost\u0159ed\u00ed Pou\u017eit\u00ed: &gt; fas\u00e1dn\u00ed oblo\u017een\u00ed &gt; podhledy Foto je pouze ilustra\u010dn\u00ed. U v\u0161ech tlou\u0161t\u011bk v profilu TATRAN jsou spodn\u00ed dr\u00e1\u017eky. \u0160\u00ed\u0159ka obkladu je uv\u00e1d\u011bna v\u010detn\u011b pera. cena za cel\u00e9 balen\u00ed &nbsp;<\/p>\n","protected":false},"featured_media":465,"template":"","meta":{"_eb_attr":""},"product_cat":[25],"product_tag":[],"_links":{"self":[{"href":"https:\/\/www.kvhstavebni.cz\/eshop\/index.php?rest_route=\/wp\/v2\/product\/472"}],"collection":[{"href":"https:\/\/www.kvhstavebni.cz\/eshop\/index.php?rest_route=\/wp\/v2\/product"}],"about":[{"href":"https:\/\/www.kvhstavebni.cz\/eshop\/index.php?rest_route=\/wp\/v2\/types\/product"}],"wp:featuredmedia":[{"embeddable":true,"href":"https:\/\/www.kvhstavebni.cz\/eshop\/index.php?rest_route=\/wp\/v2\/media\/465"}],"wp:attachment":[{"href":"https:\/\/www.kvhstavebni.cz\/eshop\/index.php?rest_route=%2Fwp%2Fv2%2Fmedia&parent=472"}],"wp:term":[{"taxonomy":"product_cat","embeddable":true,"href":"https:\/\/www.kvhstavebni.cz\/eshop\/index.php?rest_route=%2Fwp%2Fv2%2Fproduct_cat&post=472"},{"taxonomy":"product_tag","embeddable":true,"href":"https:\/\/www.kvhstavebni.cz\/eshop\/index.php?rest_route=%2Fwp%2Fv2%2Fproduct_tag&post=472"}],"curies":[{"name":"wp","href":"https:\/\/api.w.org\/{rel}","templated":true}]}}